.
410
What is the remainder when 20525340 is divided by 3058?
44
What is the remainder when 3716701 is divided by 47046?
67
Calculate the remainder when 2857897 is divided by 6146.
7
What is the remainder when 109274 is divided by 511?
431
What is the remainder when 933525 is divided by 62?
53
Calculate the remainder when 160799 is divided by 402.
401
What is the remainder when 13148270 is divided by 821766?
14
What is the remainder when 25026058 is divided by 20?
18
What is the remainder when 271772616 is divided by 686?
682
Calculate the remainder when 23530476 is divided by 151.
146
What is the remainder when 29265 is divided by 953?
675
Calculate the remainder when 1423548 is divided by 4442.
2108
Calculate the remainder when 15749253 is divided by 7874610.
33
What is the remainder when 42320732 is divided by 276?
272
Calculate the remainder when 183719 is divided by 45816.
455
Calculate the remainder when 2503 is divided by 1747.
756
Calculate the remainder when 712166 is divided by 200.
166
Calculate the remainder when 685632 is divided by 74.
22
What is the remainder when 248311 is divided by 2526?
763
What is the remainder when 6213399 is divided by 3898?
3885
What is the remainder when 262575 is divided by 95?
90
What is the remainder when 3901797 is divided by 1400?
1397
What is the remainder when 682642 is divided by 227506?
124
What is the remainder when 12548082 is divided by 1351?
1345
What is the remainder when 203050777 is divided by 9?
4
Calculate the remainder when 208347611 is divided by 184.
179
Calculate the remainder when 33279369 is divided by 41.
38
What is the remainder when 73347 is divided by 24437?
36
What is the remainder when 11931358 is divided by 212?
210
Calculate the remainder when 40881534 is divided by 658.
652
Calculate the remainder when 19603 is divided by 1499.
116
What is the remainder when 175858221 is divided by 1277?
1274
Calculate the remainder when 259856465 is divided by 86618821.
2
Calculate the remainder when 23727931 is divided by 5901.
10
Calculate the remainder when 148920 is divided by 80.
40
What is the remainder when 85259 is divided by 28297?
368
Calculate the remainder when 157506211 is divided by 1900.
11
Calculate the remainder when 332626 is divided by 720.
706
Calculate the remainder when 822623 is divided by 102.
95
Calculate the remainder when 6035573 is divided by 547.
522
Calculate the remainder when 5597 is divided by 2359.
879
Calculate the remainder when 314807 is divided by 5624.
5487
What is the remainder when 2410188 is divided by 2410176?
12
Calculate the remainder when 441795 is divided by 2985.
15
Calculate the remainder when 21284133 is divided by 29768.
13
What is the remainder when 686167 is divided by 40362?
13
Calculate the remainder when 2790348 is divided by 697584.
12
What is the remainder when 62289 is divided by 14505?
4269
Calculate the remainder when 1704066 is divided by 71.
66
What is the remainder when 90443 is divided by 4020?
2003
Calculate the remainder when 5040784 is divided by 40006.
28
Calculate the remainder when 109746000 is divided by 691.
689
Calculate the remainder when 2937596 is divided by 2448.
2444
What is the remainder when 1194503 is divided by 860?
823
What is the remainder when 8100513 is divided by 1620098?
23
What is the remainder when 2764706 is divided by 3883?
10
Calculate the remainder when 34961485 is divided by 1840078.
3
Calculate the remainder when 417008 is divided by 416963.
45
What is the remainder when 83886 is divided by 2046?
0
What is the remainder when 938953 is divided by 82?
53
Calculate the remainder when 430565 is divided by 294.
149
Calculate the remainder when 19629804 is divided by 624.
12
Calculate the remainder when 1917230 is divided by 119826.
14
Calculate the remainder when 24481220 is divided by 1883170.
10
Calculate the remainder when 84894 is divided by 42436.
22
What is the remainder when 2256539 is divided by 337?
324
Calculate the remainder when 1326575 is divided by 744.
23
What is the remainder when 89130 is divided by 42860?
3410
Calculate the remainder when 19275217 is divided by 22.
5
Calculate the remainder when 25737345 is divided by 196.
193
What is the remainder when 55143765 is divided by 343?
341
Calculate the remainder when 14105838 is divided by 21.
12
Calculate the remainder when 548390 is divided by 3187.
226
Calculate the remainder when 76920 is divided by 19034.
784
Calculate the remainder when 34179329 is divided by 15.
14
Calculate the remainder when 582448 is divided by 26.
22
Calculate the remainder when 19642 is divided by 6431.
349
What is the remainder when 857752 is divided by 2024?
1600
Calculate the remainder when 809728 is divided by 155.
8
Calculate the remainder when 48375 is divided by 620.
15
Calculate the remainder when 743012 is divided by 6712.
4692
Calculate the remainder when 85658525 is divided by 899.
7
What is the remainder when 12627588 is divided by 10488?
36
Calculate the remainder when 16173 is divided by 7993.
187
Calculate the remainder when 11526674 is divided by 14.
12
Calculate the remainder when 9375390 is divided by 13.
11
What is the remainder when 27573975 is divided by 120410?
85
What is the remainder when 347058 is divided by 304?
194
Calculate the remainder when 43481 is divided by 6670.
3461
Calculate the remainder when 346078 is divided by 53.
41
Calculate the remainder when 7154814 is divided by 35596.
18
Calculate the remainder when 346621 is divided by 6156.
1885
What is the remainder when 5505054 is divided by 555?
9
What is the remainder when 5936044 is divided by 989337?
22
What is the remainder when 1303127 is divided by 142?
135
What is the remainder when 305568 is divided by 113?
16
What is the remainder when 14778442 is divided by 3321?
3313
What is the remainder when 65902 is divided by 21928?
118
Calculate the remainder when 1352090 is divided by 692.
614
What is the remainder when 122927 is divided by 280?
7
What is the remainder when 112508 is divided by 6041?
3770
What is the remainder when 563902 is divided by 396?
394
What is the remainder when 164674 is divided by 4988?
70
What is the remainder when 731965 is divided by 828?
13
Calculate the remainder when 61634 is divided by 10164.
650
What is the remainder when 852704 is divided by 10?
4
Calculate the remainder when 1637630 is divided by 740.
10
What is the remainder when 3095675 is divided by 1031816?
227
What is the remainder when 10021 is divided by 4909?
203
What is the remainder when 186459 is divided by 6416?
395
Calculate the remainder when 230694 is divided by 994.
86
What is the remainder when 53911 is divided by 360?
271
Calculate the remainder when 2298190 is divided by 389.
367
Calculate the remainder when 26246967 is divided by 8.
7
What is the remainder when 942092395 is divided by 622?
621
Calculate the remainder when 2471587 is divided by 1960.
27
Calculate the remainder when 945901 is divided by 6.
1
Calculate the remainder when 23401792 is divided by 569.
529
What is the remainder when 12559 is divided by 5?
4
Calculate the remainder when 894201 is divided by 298066.
3
Calculate the remainder when 1771283 is divided by 259.
241
What is the remainder when 183013879 is divided by 6536209?
27
Calculate the remainder when 38307180 is divided by 12769060.
0
Calculate the remainder when 1569102 is divided by 78455.
2
Calculate the remainder when 62446 is divided by 5661.
175
What is the remainder when 101380 is divided by 1091?
1008
What is the remainder when 67287055 is divided by 525680?
15
What is the remainder when 209925 is divided by 40?
5
Calculate the remainder when 47836 is divided by 2064.
364
Calculate the remainder when 34865 is divided by 1176.
761
What is the remainder when 13314576 is divided by 7430?
16
Calculate the remainder when 45122020 is divided by 325.
320
Calculate the remainder when 966864 is divided by 1774.
34
What is the remainder when 1200215 is divided by 861?
842
Calculate the remainder when 144999 is divided by 10051.
4285
Calculate the remainder when 11749548 is divided by 1160.
1068
Calculate the remainder when 4498709 is divided by 41.
25
What is the remainder when 35413803 is divided by 177?
174
Calculate the remainder whe